{"id":1705,"date":"2023-01-18T17:51:04","date_gmt":"2023-01-18T17:51:04","guid":{"rendered":"https:\/\/mbalajy.com\/?page_id=1705"},"modified":"2023-01-23T12:20:21","modified_gmt":"2023-01-23T12:20:21","slug":"emballage-en-verre","status":"publish","type":"page","link":"https:\/\/mbalajy.com\/index.php\/emballage-en-verre\/","title":{"rendered":"Emballage en verre"},"content":{"rendered":"\t\t<div data-elementor-type=\"wp-page\" data-elementor-id=\"1705\" class=\"elementor elementor-1705\">\n\t\t\t\t\t\t<section class=\"elementor-section elementor-top-section elementor-element elementor-element-76c38e08 ct-section-stretched elementor-section-full_width elementor-section-height-default elementor-section-height-default\" data-id=\"76c38e08\" data-element_type=\"section\" data-settings=\"{&quot;background_background&quot;:&quot;classic&quot;}\">\n\t\t\t\t\t\t\t<div class=\"elementor-background-overlay\"><\/div>\n\t\t\t\t\t\t\t<div class=\"elementor-container elementor-column-gap-custom\">\n\t\t\t\t\t<div class=\"elementor-column elementor-col-100 elementor-top-column elementor-element elementor-element-4472f73e\" data-id=\"4472f73e\" data-element_type=\"column\">\n\t\t\t<div class=\"elementor-widget-wrap elementor-element-populated\">\n\t\t\t\t\t\t<div class=\"elementor-element elementor-element-30221209 elementor-widget elementor-widget-heading\" data-id=\"30221209\" data-element_type=\"widget\" data-widget_type=\"heading.default\">\n\t\t\t\t<div class=\"elementor-widget-container\">\n\t\t\t\t\t<h2 class=\"elementor-heading-title elementor-size-default\">Emballage en verre<\/h2>\t\t\t\t<\/div>\n\t\t\t\t<\/div>\n\t\t\t\t<div class=\"elementor-element elementor-element-62fd1475 elementor-widget-divider--view-line elementor-widget elementor-widget-divider\" data-id=\"62fd1475\" data-element_type=\"widget\" data-widget_type=\"divider.default\">\n\t\t\t\t<div class=\"elementor-widget-container\">\n\t\t\t\t\t\t\t<div class=\"elementor-divider\">\n\t\t\t<span class=\"elementor-divider-separator\">\n\t\t\t\t\t\t<\/span>\n\t\t<\/div>\n\t\t\t\t\t\t<\/div>\n\t\t\t\t<\/div>\n\t\t\t\t\t<\/div>\n\t\t<\/div>\n\t\t\t\t\t<\/div>\n\t\t<\/section>\n\t\t\t\t<section class=\"elementor-section elementor-top-section elementor-element elementor-element-46d17778 elementor-section-boxed elementor-section-height-default elementor-section-height-default\" data-id=\"46d17778\" data-element_type=\"section\">\n\t\t\t\t\t\t<div class=\"elementor-container elementor-column-gap-default\">\n\t\t\t\t\t<div class=\"elementor-column elementor-col-33 elementor-top-column elementor-element elementor-element-b9ff795\" data-id=\"b9ff795\" data-element_type=\"column\">\n\t\t\t<div class=\"elementor-widget-wrap elementor-element-populated\">\n\t\t\t\t\t\t<div class=\"elementor-element elementor-element-3affae53 elementor-position-top elementor-widget elementor-widget-image-box\" data-id=\"3affae53\" data-element_type=\"widget\" data-widget_type=\"image-box.default\">\n\t\t\t\t<div class=\"elementor-widget-container\">\n\t\t\t\t\t<div class=\"elementor-image-box-wrapper\"><figure class=\"elementor-image-box-img\"><a href=\"https:\/\/mbalajy.com\/index.php\/category\/flacons-a-pipettes\/\" tabindex=\"-1\"><img fetchpriority=\"high\" decoding=\"async\" width=\"1000\" height=\"1000\" src=\"https:\/\/mbalajy.com\/wp-content\/uploads\/2023\/01\/WhatsApp-Image-2022-12-21-at-23.28.10-2-1.jpeg\" class=\"elementor-animation-shrink attachment-full size-full wp-image-2295\" alt=\"\" srcset=\"https:\/\/mbalajy.com\/wp-content\/uploads\/2023\/01\/WhatsApp-Image-2022-12-21-at-23.28.10-2-1.jpeg 1000w, https:\/\/mbalajy.com\/wp-content\/uploads\/2023\/01\/WhatsApp-Image-2022-12-21-at-23.28.10-2-1-300x300.jpeg 300w, https:\/\/mbalajy.com\/wp-content\/uploads\/2023\/01\/WhatsApp-Image-2022-12-21-at-23.28.10-2-1-150x150.jpeg 150w, https:\/\/mbalajy.com\/wp-content\/uploads\/2023\/01\/WhatsApp-Image-2022-12-21-at-23.28.10-2-1-768x768.jpeg 768w\" sizes=\"(max-width: 1000px) 100vw, 1000px\" \/><\/a><\/figure><div class=\"elementor-image-box-content\"><h3 class=\"elementor-image-box-title\"><a href=\"https:\/\/mbalajy.com\/index.php\/category\/flacons-a-pipettes\/\">Flacons a pipette<\/a><\/h3><\/div><\/div>\t\t\t\t<\/div>\n\t\t\t\t<\/div>\n\t\t\t\t\t<\/div>\n\t\t<\/div>\n\t\t\t\t<div class=\"elementor-column elementor-col-33 elementor-top-column elementor-element elementor-element-33a65880\" data-id=\"33a65880\" data-element_type=\"column\">\n\t\t\t<div class=\"elementor-widget-wrap elementor-element-populated\">\n\t\t\t\t\t\t<div class=\"elementor-element elementor-element-fee5fa6 elementor-position-top elementor-widget elementor-widget-image-box\" data-id=\"fee5fa6\" data-element_type=\"widget\" data-widget_type=\"image-box.default\">\n\t\t\t\t<div class=\"elementor-widget-container\">\n\t\t\t\t\t<div class=\"elementor-image-box-wrapper\"><figure class=\"elementor-image-box-img\"><a href=\"https:\/\/mbalajy.com\/index.php\/category\/les-pots-a-cremes-verre\/\" tabindex=\"-1\"><img decoding=\"async\" width=\"640\" height=\"640\" src=\"https:\/\/mbalajy.com\/wp-content\/uploads\/2023\/01\/1671983092081-1.png\" class=\"elementor-animation-shrink attachment-full size-full wp-image-2282\" alt=\"\" srcset=\"https:\/\/mbalajy.com\/wp-content\/uploads\/2023\/01\/1671983092081-1.png 640w, https:\/\/mbalajy.com\/wp-content\/uploads\/2023\/01\/1671983092081-1-300x300.png 300w, https:\/\/mbalajy.com\/wp-content\/uploads\/2023\/01\/1671983092081-1-150x150.png 150w\" sizes=\"(max-width: 640px) 100vw, 640px\" \/><\/a><\/figure><div class=\"elementor-image-box-content\"><h3 class=\"elementor-image-box-title\"><a href=\"https:\/\/mbalajy.com\/index.php\/category\/les-pots-a-cremes-verre\/\">Les pots \u00e0 cr\u00e8me<\/a><\/h3><\/div><\/div>\t\t\t\t<\/div>\n\t\t\t\t<\/div>\n\t\t\t\t\t<\/div>\n\t\t<\/div>\n\t\t\t\t<div class=\"elementor-column elementor-col-33 elementor-top-column elementor-element elementor-element-43c3c831\" data-id=\"43c3c831\" data-element_type=\"column\">\n\t\t\t<div class=\"elementor-widget-wrap elementor-element-populated\">\n\t\t\t\t\t\t<div class=\"elementor-element elementor-element-5140dd2e elementor-position-top elementor-widget elementor-widget-image-box\" data-id=\"5140dd2e\" data-element_type=\"widget\" data-widget_type=\"image-box.default\">\n\t\t\t\t<div class=\"elementor-widget-container\">\n\t\t\t\t\t<div class=\"elementor-image-box-wrapper\"><figure class=\"elementor-image-box-img\"><a href=\"https:\/\/mbalajy.com\/index.php\/category\/bouteilles-pulverisateurs\/\" tabindex=\"-1\"><img decoding=\"async\" width=\"750\" height=\"750\" src=\"https:\/\/mbalajy.com\/wp-content\/uploads\/2023\/01\/H57ee72498f1a422e9a486f6b6f865d21U.png_960x960-1.webp\" class=\"elementor-animation-shrink attachment-full size-full wp-image-2299\" alt=\"\" srcset=\"https:\/\/mbalajy.com\/wp-content\/uploads\/2023\/01\/H57ee72498f1a422e9a486f6b6f865d21U.png_960x960-1.webp 750w, https:\/\/mbalajy.com\/wp-content\/uploads\/2023\/01\/H57ee72498f1a422e9a486f6b6f865d21U.png_960x960-1-300x300.webp 300w, https:\/\/mbalajy.com\/wp-content\/uploads\/2023\/01\/H57ee72498f1a422e9a486f6b6f865d21U.png_960x960-1-150x150.webp 150w\" sizes=\"(max-width: 750px) 100vw, 750px\" \/><\/a><\/figure><div class=\"elementor-image-box-content\"><h3 class=\"elementor-image-box-title\"><a href=\"https:\/\/mbalajy.com\/index.php\/category\/bouteilles-pulverisateurs\/\">Les bouteilles pulv\u00e9risateurs<\/a><\/h3><\/div><\/div>\t\t\t\t<\/div>\n\t\t\t\t<\/div>\n\t\t\t\t\t<\/div>\n\t\t<\/div>\n\t\t\t\t\t<\/div>\n\t\t<\/section>\n\t\t\t\t<\/div>\n\t\t","protected":false},"excerpt":{"rendered":"<p>Emballage en verre Flacons a pipette Les pots \u00e0 cr\u00e8me Les bouteilles pulv\u00e9risateurs<\/p>\n","protected":false},"author":1,"featured_media":0,"parent":0,"menu_order":0,"comment_status":"closed","ping_status":"closed","template":"elementor_header_footer","meta":{"footnotes":""},"class_list":["post-1705","page","type-page","status-publish","hentry"],"blocksy_meta":{"styles_descriptor":{"styles":{"desktop":"","tablet":"","mobile":""},"google_fonts":[],"version":6}},"_links":{"self":[{"href":"https:\/\/mbalajy.com\/index.php\/wp-json\/wp\/v2\/pages\/1705","targetHints":{"allow":["GET"]}}],"collection":[{"href":"https:\/\/mbalajy.com\/index.php\/wp-json\/wp\/v2\/pages"}],"about":[{"href":"https:\/\/mbalajy.com\/index.php\/wp-json\/wp\/v2\/types\/page"}],"author":[{"embeddable":true,"href":"https:\/\/mbalajy.com\/index.php\/wp-json\/wp\/v2\/users\/1"}],"replies":[{"embeddable":true,"href":"https:\/\/mbalajy.com\/index.php\/wp-json\/wp\/v2\/comments?post=1705"}],"version-history":[{"count":7,"href":"https:\/\/mbalajy.com\/index.php\/wp-json\/wp\/v2\/pages\/1705\/revisions"}],"predecessor-version":[{"id":2516,"href":"https:\/\/mbalajy.com\/index.php\/wp-json\/wp\/v2\/pages\/1705\/revisions\/2516"}],"wp:attachment":[{"href":"https:\/\/mbalajy.com\/index.php\/wp-json\/wp\/v2\/media?parent=1705"}],"curies":[{"name":"wp","href":"https:\/\/api.w.org\/{rel}","templated":true}]}}